{"id":3843,"date":"2026-02-04T09:31:14","date_gmt":"2026-02-04T08:31:14","guid":{"rendered":"https:\/\/na-bremen.de\/?post_type=angebote&#038;p=3843"},"modified":"2026-03-26T10:20:20","modified_gmt":"2026-03-26T09:20:20","slug":"na-begleitet","status":"publish","type":"angebote","link":"https:\/\/na-bremen.de\/en\/angebote\/na-begleitet\/","title":{"rendered":"na\u2019 begleitet"},"content":{"rendered":"\n<h2 class=\"wp-block-heading\">Ehrenamtsbesuche f\u00fcr Senior*innen &#8211; Im Alter nicht allein!<\/h2>\n\n\n\n<p>Freiwillige besuchen regelm\u00e4\u00dfig \u00e4ltere Menschen und leisten Gesellschaft. Dabei sind vielf\u00e4ltige Aktivit\u00e4ten m\u00f6glich \u2013 von Spazierg\u00e4ngen und Begleitung zu Veranstaltungen, \u00fcber Gesellschaftsspiele, bis hin zu einem anregenden Gespr\u00e4ch.<\/p>\n\n\n\n<p>Sie haben Interesse?<\/p>\n\n\n\n<p><strong>Koordination<\/strong><br>Franziska Br\u00fcggemann<br>na\u2019 begleitet<br>Tel.: 0421 \/ 69 14 585<br>Mail: <a href=\"mailto:aahg@na-bremen.de\">aahg@na-bremen.de<\/a><\/p>\n\n\n\n<p><strong>B\u00fcrozeiten<\/strong><br>donnerstags von 14:00 bis 16:00 Uhr<\/p>\n\n\n\n<figure class=\"wp-block-image size-large is-resized\"><img decoding=\"async\" width=\"1024\" height=\"366\" src=\"https:\/\/na-bremen.de\/wp-content\/uploads\/2023\/08\/FHB_Senatorin-fuer-ASJuI_kurz-1024x366.png\" alt=\"\" class=\"wp-image-1035\" style=\"aspect-ratio:2.7979087795204616;width:130px;height:auto\" srcset=\"https:\/\/na-bremen.de\/wp-content\/uploads\/2023\/08\/FHB_Senatorin-fuer-ASJuI_kurz-1024x366.png 1024w, https:\/\/na-bremen.de\/wp-content\/uploads\/2023\/08\/FHB_Senatorin-fuer-ASJuI_kurz-300x107.png 300w, https:\/\/na-bremen.de\/wp-content\/uploads\/2023\/08\/FHB_Senatorin-fuer-ASJuI_kurz-768x274.png 768w, https:\/\/na-bremen.de\/wp-content\/uploads\/2023\/08\/FHB_Senatorin-fuer-ASJuI_kurz-1600x572.png 1600w, https:\/\/na-bremen.de\/wp-content\/uploads\/2023\/08\/FHB_Senatorin-fuer-ASJuI_kurz-1536x549.png 1536w, https:\/\/na-bremen.de\/wp-content\/uploads\/2023\/08\/FHB_Senatorin-fuer-ASJuI_kurz.png 1920w\" sizes=\"(max-width: 1024px) 100vw, 1024px\" \/><\/figure>\n","protected":false},"excerpt":{"rendered":"<p>Freiwillige besuchen regelm\u00e4\u00dfig \u00e4ltere Menschen und leisten Gesellschaft<\/p>\n","protected":false},"author":2,"featured_media":3848,"template":"","meta":{"_EventAllDay":false,"_EventTimezone":"","_EventStartDate":"","_EventEndDate":"","_EventStartDateUTC":"","_EventEndDateUTC":"","_EventShowMap":false,"_EventShowMapLink":false,"_EventURL":"","_EventCost":"","_EventCostDescription":"","_EventCurrencySymbol":"","_EventCurrencyCode":"","_EventCurrencyPosition":"","_EventDateTimeSeparator":"","_EventTimeRangeSeparator":"","_EventOrganizerID":[],"_EventVenueID":[],"_OrganizerEmail":"","_OrganizerPhone":"","_OrganizerWebsite":"","_VenueAddress":"","_VenueCity":"","_VenueCountry":"","_VenueProvince":"","_VenueState":"","_VenueZip":"","_VenuePhone":"","_VenueURL":"","_VenueStateProvince":"","_VenueLat":"","_VenueLng":"","_VenueShowMap":false,"_VenueShowMapLink":false,"footnotes":""},"angebotskategorien":[10],"angebotsschlagworte":[93,92,94],"class_list":["post-3843","angebote","type-angebote","status-publish","has-post-thumbnail","hentry","angebotskategorien-unterstuetzung-selbsthilfe","angebotsschlagworte-aeltere-menschen","angebotsschlagworte-ehrenamtsbesuch","angebotsschlagworte-freiwillige"],"translation":{"provider":"WPGlobus","version":"3.0.2","language":"en","enabled_languages":["de","en"],"languages":{"de":{"title":true,"content":true,"excerpt":true},"en":{"title":false,"content":false,"excerpt":false}}},"yoast_head":"<!-- This site is optimized with the Yoast SEO plugin v27.2 - https:\/\/yoast.com\/product\/yoast-seo-wordpress\/ -->\n<title>na\u2019 begleitet - na&#039;<\/title>\n<meta name=\"robots\" content=\"index, follow, max-snippet:-1, max-image-preview:large, max-video-preview:-1\" \/>\n<link rel=\"canonical\" href=\"https:\/\/na-bremen.de\/angebote\/na-begleitet\/\" \/>\n<meta property=\"og:locale\" content=\"en_US\" \/>\n<meta property=\"og:type\" content=\"article\" \/>\n<meta property=\"og:title\" content=\"na\u2019 begleitet - na&#039;\" \/>\n<meta property=\"og:url\" content=\"https:\/\/na-bremen.de\/angebote\/na-begleitet\/\" \/>\n<meta property=\"og:site_name\" content=\"na&#039;\" \/>\n<meta property=\"article:modified_time\" content=\"2026-03-26T09:20:20+00:00\" \/>\n<meta property=\"og:image\" content=\"https:\/\/na-bremen.de\/wp-content\/uploads\/2026\/02\/na-begleitet-Icon.png\" \/>\n\t<meta property=\"og:image:width\" content=\"304\" \/>\n\t<meta property=\"og:image:height\" content=\"297\" \/>\n\t<meta property=\"og:image:type\" content=\"image\/png\" \/>\n<meta name=\"twitter:card\" content=\"summary_large_image\" \/>\n<meta name=\"twitter:label1\" content=\"Est. reading time\" \/>\n\t<meta name=\"twitter:data1\" content=\"1 minute\" \/>\n<script type=\"application\/ld+json\" class=\"yoast-schema-graph\">{\"@context\":\"https:\/\/schema.org\",\"@graph\":[{\"@type\":\"WebPage\",\"@id\":\"https:\/\/na-bremen.de\/angebote\/na-begleitet\/\",\"url\":\"https:\/\/na-bremen.de\/angebote\/na-begleitet\/\",\"name\":\"na\u2019 begleitet - na&#039;\",\"isPartOf\":{\"@id\":\"https:\/\/na-bremen.de\/#website\"},\"primaryImageOfPage\":{\"@id\":\"https:\/\/na-bremen.de\/angebote\/na-begleitet\/#primaryimage\"},\"image\":{\"@id\":\"https:\/\/na-bremen.de\/angebote\/na-begleitet\/#primaryimage\"},\"thumbnailUrl\":\"https:\/\/na-bremen.de\/wp-content\/uploads\/2026\/02\/na-begleitet-Icon.png\",\"datePublished\":\"2026-02-04T08:31:14+00:00\",\"dateModified\":\"2026-03-26T09:20:20+00:00\",\"description\":\"Ehrenamtsbesuche f\u00fcr Senior*innen - Im Alter nicht allein! Freiwillige besuchen regelm\u00e4\u00dfig \u00e4ltere Menschen und leisten Gesellschaft.\",\"breadcrumb\":{\"@id\":\"https:\/\/na-bremen.de\/angebote\/na-begleitet\/#breadcrumb\"},\"inLanguage\":\"en-US\",\"potentialAction\":[{\"@type\":\"ReadAction\",\"target\":[\"https:\/\/na-bremen.de\/angebote\/na-begleitet\/\"]}]},{\"@type\":\"ImageObject\",\"inLanguage\":\"en-US\",\"@id\":\"https:\/\/na-bremen.de\/angebote\/na-begleitet\/#primaryimage\",\"url\":\"https:\/\/na-bremen.de\/wp-content\/uploads\/2026\/02\/na-begleitet-Icon.png\",\"contentUrl\":\"https:\/\/na-bremen.de\/wp-content\/uploads\/2026\/02\/na-begleitet-Icon.png\",\"width\":304,\"height\":297},{\"@type\":\"BreadcrumbList\",\"@id\":\"https:\/\/na-bremen.de\/angebote\/na-begleitet\/#breadcrumb\",\"itemListElement\":[{\"@type\":\"ListItem\",\"position\":1,\"name\":\"Startseite\",\"item\":\"https:\/\/na-bremen.de\/\"},{\"@type\":\"ListItem\",\"position\":2,\"name\":\"Angebote\",\"item\":\"https:\/\/na-bremen.de\/angebote\/\"},{\"@type\":\"ListItem\",\"position\":3,\"name\":\"na\u2019 begleitet\"}]},{\"@type\":\"WebSite\",\"@id\":\"https:\/\/na-bremen.de\/#website\",\"url\":\"https:\/\/na-bremen.de\/\",\"name\":\"na&#039;\",\"description\":\"neighborhood house Helen Kaisen\",\"publisher\":{\"@id\":\"https:\/\/na-bremen.de\/#organization\"},\"potentialAction\":[{\"@type\":\"SearchAction\",\"target\":{\"@type\":\"EntryPoint\",\"urlTemplate\":\"https:\/\/na-bremen.de\/?s={search_term_string}\"},\"query-input\":{\"@type\":\"PropertyValueSpecification\",\"valueRequired\":true,\"valueName\":\"search_term_string\"}}],\"inLanguage\":\"en-US\"},{\"@type\":\"Organization\",\"@id\":\"https:\/\/na-bremen.de\/#organization\",\"name\":\"Nachbarschaftshaus Helene Kaisen\",\"alternateName\":\"na'\",\"url\":\"https:\/\/na-bremen.de\/\",\"logo\":{\"@type\":\"ImageObject\",\"inLanguage\":\"en-US\",\"@id\":\"https:\/\/na-bremen.de\/#\/schema\/logo\/image\/\",\"url\":\"https:\/\/na-bremen.de\/wp-content\/uploads\/2023\/02\/logo-na.svg\",\"contentUrl\":\"https:\/\/na-bremen.de\/wp-content\/uploads\/2023\/02\/logo-na.svg\",\"width\":75,\"height\":75,\"caption\":\"Nachbarschaftshaus Helene Kaisen\"},\"image\":{\"@id\":\"https:\/\/na-bremen.de\/#\/schema\/logo\/image\/\"}}]}<\/script>\n<!-- \/ Yoast SEO plugin. -->","yoast_head_json":{"title":"na\u2019 begleitet - na&#039;","robots":{"index":"index","follow":"follow","max-snippet":"max-snippet:-1","max-image-preview":"max-image-preview:large","max-video-preview":"max-video-preview:-1"},"canonical":"https:\/\/na-bremen.de\/angebote\/na-begleitet\/","og_locale":"en_US","og_type":"article","og_title":"na\u2019 begleitet - na&#039;","og_url":"https:\/\/na-bremen.de\/angebote\/na-begleitet\/","og_site_name":"na&#039;","article_modified_time":"2026-03-26T09:20:20+00:00","og_image":[{"width":304,"height":297,"url":"https:\/\/na-bremen.de\/wp-content\/uploads\/2026\/02\/na-begleitet-Icon.png","type":"image\/png"}],"twitter_card":"summary_large_image","twitter_misc":{"Est. reading time":"1 minute"},"schema":{"@context":"https:\/\/schema.org","@graph":[{"@type":"WebPage","@id":"https:\/\/na-bremen.de\/angebote\/na-begleitet\/","url":"https:\/\/na-bremen.de\/angebote\/na-begleitet\/","name":"na\u2019 begleitet - na&#039;","isPartOf":{"@id":"https:\/\/na-bremen.de\/#website"},"primaryImageOfPage":{"@id":"https:\/\/na-bremen.de\/angebote\/na-begleitet\/#primaryimage"},"image":{"@id":"https:\/\/na-bremen.de\/angebote\/na-begleitet\/#primaryimage"},"thumbnailUrl":"https:\/\/na-bremen.de\/wp-content\/uploads\/2026\/02\/na-begleitet-Icon.png","datePublished":"2026-02-04T08:31:14+00:00","dateModified":"2026-03-26T09:20:20+00:00","description":"Ehrenamtsbesuche f\u00fcr Senior*innen - Im Alter nicht allein! Freiwillige besuchen regelm\u00e4\u00dfig \u00e4ltere Menschen und leisten Gesellschaft.","breadcrumb":{"@id":"https:\/\/na-bremen.de\/angebote\/na-begleitet\/#breadcrumb"},"inLanguage":"en-US","potentialAction":[{"@type":"ReadAction","target":["https:\/\/na-bremen.de\/angebote\/na-begleitet\/"]}]},{"@type":"ImageObject","inLanguage":"en-US","@id":"https:\/\/na-bremen.de\/angebote\/na-begleitet\/#primaryimage","url":"https:\/\/na-bremen.de\/wp-content\/uploads\/2026\/02\/na-begleitet-Icon.png","contentUrl":"https:\/\/na-bremen.de\/wp-content\/uploads\/2026\/02\/na-begleitet-Icon.png","width":304,"height":297},{"@type":"BreadcrumbList","@id":"https:\/\/na-bremen.de\/angebote\/na-begleitet\/#breadcrumb","itemListElement":[{"@type":"ListItem","position":1,"name":"Startseite","item":"https:\/\/na-bremen.de\/"},{"@type":"ListItem","position":2,"name":"Angebote","item":"https:\/\/na-bremen.de\/angebote\/"},{"@type":"ListItem","position":3,"name":"na\u2019 begleitet"}]},{"@type":"WebSite","@id":"https:\/\/na-bremen.de\/#website","url":"https:\/\/na-bremen.de\/","name":"na&#039;","description":"neighborhood house Helen Kaisen","publisher":{"@id":"https:\/\/na-bremen.de\/#organization"},"potentialAction":[{"@type":"SearchAction","target":{"@type":"EntryPoint","urlTemplate":"https:\/\/na-bremen.de\/?s={search_term_string}"},"query-input":{"@type":"PropertyValueSpecification","valueRequired":true,"valueName":"search_term_string"}}],"inLanguage":"en-US"},{"@type":"Organization","@id":"https:\/\/na-bremen.de\/#organization","name":"Nachbarschaftshaus Helene Kaisen","alternateName":"na'","url":"https:\/\/na-bremen.de\/","logo":{"@type":"ImageObject","inLanguage":"en-US","@id":"https:\/\/na-bremen.de\/#\/schema\/logo\/image\/","url":"https:\/\/na-bremen.de\/wp-content\/uploads\/2023\/02\/logo-na.svg","contentUrl":"https:\/\/na-bremen.de\/wp-content\/uploads\/2023\/02\/logo-na.svg","width":75,"height":75,"caption":"Nachbarschaftshaus Helene Kaisen"},"image":{"@id":"https:\/\/na-bremen.de\/#\/schema\/logo\/image\/"}}]}},"_links":{"self":[{"href":"https:\/\/na-bremen.de\/en\/wp-json\/wp\/v2\/angebote\/3843","targetHints":{"allow":["GET"]}}],"collection":[{"href":"https:\/\/na-bremen.de\/en\/wp-json\/wp\/v2\/angebote"}],"about":[{"href":"https:\/\/na-bremen.de\/en\/wp-json\/wp\/v2\/types\/angebote"}],"author":[{"embeddable":true,"href":"https:\/\/na-bremen.de\/en\/wp-json\/wp\/v2\/users\/2"}],"version-history":[{"count":3,"href":"https:\/\/na-bremen.de\/en\/wp-json\/wp\/v2\/angebote\/3843\/revisions"}],"predecessor-version":[{"id":3849,"href":"https:\/\/na-bremen.de\/en\/wp-json\/wp\/v2\/angebote\/3843\/revisions\/3849"}],"wp:featuredmedia":[{"embeddable":true,"href":"https:\/\/na-bremen.de\/en\/wp-json\/wp\/v2\/media\/3848"}],"wp:attachment":[{"href":"https:\/\/na-bremen.de\/en\/wp-json\/wp\/v2\/media?parent=3843"}],"wp:term":[{"taxonomy":"angebotskategorien","embeddable":true,"href":"https:\/\/na-bremen.de\/en\/wp-json\/wp\/v2\/angebotskategorien?post=3843"},{"taxonomy":"angebotsschlagworte","embeddable":true,"href":"https:\/\/na-bremen.de\/en\/wp-json\/wp\/v2\/angebotsschlagworte?post=3843"}],"curies":[{"name":"wp","href":"https:\/\/api.w.org\/{rel}","templated":true}]}}

<h2 class="wp-block-heading">Ehrenamtsbesuche für Senior*innen &#8211; Im Alter nicht allein!</h2>



<p>Freiwillige besuchen regelmäßig ältere Menschen und leisten Gesellschaft. Dabei sind vielfältige Aktivitäten möglich – von Spaziergängen und Begleitung zu Veranstaltungen, über Gesellschaftsspiele, bis hin zu einem anregenden Gespräch.</p>



<p>Sie haben Interesse?</p>



<p><strong>Koordination</strong><br>Franziska Brüggemann<br>na’ begleitet<br>Tel.: 0421 / 69 14 585<br>Mail: <a href="mailto:aahg@na-bremen.de">aahg@na-bremen.de</a></p>



<p><strong>Bürozeiten</strong><br>donnerstags von 14:00 bis 16:00 Uhr</p>



<figure class="wp-block-image size-large is-resized"><img decoding="async" width="1024" height="366" src="https://na-bremen.de/wp-content/uploads/2023/08/FHB_Senatorin-fuer-ASJuI_kurz-1024x366.png" alt="" class="wp-image-1035" style="aspect-ratio:2.7979087795204616;width:130px;height:auto" srcset="https://na-bremen.de/wp-content/uploads/2023/08/FHB_Senatorin-fuer-ASJuI_kurz-1024x366.png 1024w, https://na-bremen.de/wp-content/uploads/2023/08/FHB_Senatorin-fuer-ASJuI_kurz-300x107.png 300w, https://na-bremen.de/wp-content/uploads/2023/08/FHB_Senatorin-fuer-ASJuI_kurz-768x274.png 768w, https://na-bremen.de/wp-content/uploads/2023/08/FHB_Senatorin-fuer-ASJuI_kurz-1600x572.png 1600w, https://na-bremen.de/wp-content/uploads/2023/08/FHB_Senatorin-fuer-ASJuI_kurz-1536x549.png 1536w, https://na-bremen.de/wp-content/uploads/2023/08/FHB_Senatorin-fuer-ASJuI_kurz.png 1920w" sizes="(max-width: 1024px) 100vw, 1024px" /></figure>

<p>Freiwillige besuchen regelmäßig ältere Menschen und leisten Gesellschaft</p>

<!-- This site is optimized with the Yoast SEO plugin v27.2 - https://yoast.com/product/yoast-seo-wordpress/ -->
<title>na’ begleitet - na&#039;</title>
<meta name="robots" content="index, follow, max-snippet:-1, max-image-preview:large, max-video-preview:-1" />
<link rel="canonical" href="https://na-bremen.de/angebote/na-begleitet/" />
<meta property="og:locale" content="en_US" />
<meta property="og:type" content="article" />
<meta property="og:title" content="na’ begleitet - na&#039;" />
<meta property="og:url" content="https://na-bremen.de/angebote/na-begleitet/" />
<meta property="og:site_name" content="na&#039;" />
<meta property="article:modified_time" content="2026-03-26T09:20:20+00:00" />
<meta property="og:image" content="https://na-bremen.de/wp-content/uploads/2026/02/na-begleitet-Icon.png" />
	<meta property="og:image:width" content="304" />
	<meta property="og:image:height" content="297" />
	<meta property="og:image:type" content="image/png" />
<meta name="twitter:card" content="summary_large_image" />
<meta name="twitter:label1" content="Est. reading time" />
	<meta name="twitter:data1" content="1 minute" />
<script type="application/ld+json" class="yoast-schema-graph">{"@context":"https://schema.org","@graph":[{"@type":"WebPage","@id":"https://na-bremen.de/angebote/na-begleitet/","url":"https://na-bremen.de/angebote/na-begleitet/","name":"na’ begleitet - na&#039;","isPartOf":{"@id":"https://na-bremen.de/#website"},"primaryImageOfPage":{"@id":"https://na-bremen.de/angebote/na-begleitet/#primaryimage"},"image":{"@id":"https://na-bremen.de/angebote/na-begleitet/#primaryimage"},"thumbnailUrl":"https://na-bremen.de/wp-content/uploads/2026/02/na-begleitet-Icon.png","datePublished":"2026-02-04T08:31:14+00:00","dateModified":"2026-03-26T09:20:20+00:00","description":"Ehrenamtsbesuche für Senior*innen - Im Alter nicht allein! Freiwillige besuchen regelmäßig ältere Menschen und leisten Gesellschaft.","breadcrumb":{"@id":"https://na-bremen.de/angebote/na-begleitet/#breadcrumb"},"inLanguage":"en-US","potentialAction":[{"@type":"ReadAction","target":["https://na-bremen.de/angebote/na-begleitet/"]}]},{"@type":"ImageObject","inLanguage":"en-US","@id":"https://na-bremen.de/angebote/na-begleitet/#primaryimage","url":"https://na-bremen.de/wp-content/uploads/2026/02/na-begleitet-Icon.png","contentUrl":"https://na-bremen.de/wp-content/uploads/2026/02/na-begleitet-Icon.png","width":304,"height":297},{"@type":"BreadcrumbList","@id":"https://na-bremen.de/angebote/na-begleitet/#breadcrumb","itemListElement":[{"@type":"ListItem","position":1,"name":"Startseite","item":"https://na-bremen.de/"},{"@type":"ListItem","position":2,"name":"Angebote","item":"https://na-bremen.de/angebote/"},{"@type":"ListItem","position":3,"name":"na’ begleitet"}]},{"@type":"WebSite","@id":"https://na-bremen.de/#website","url":"https://na-bremen.de/","name":"na&#039;","description":"neighborhood house Helen Kaisen","publisher":{"@id":"https://na-bremen.de/#organization"},"potentialAction":[{"@type":"SearchAction","target":{"@type":"EntryPoint","urlTemplate":"https://na-bremen.de/?s={search_term_string}"},"query-input":{"@type":"PropertyValueSpecification","valueRequired":true,"valueName":"search_term_string"}}],"inLanguage":"en-US"},{"@type":"Organization","@id":"https://na-bremen.de/#organization","name":"Nachbarschaftshaus Helene Kaisen","alternateName":"na'","url":"https://na-bremen.de/","logo":{"@type":"ImageObject","inLanguage":"en-US","@id":"https://na-bremen.de/#/schema/logo/image/","url":"https://na-bremen.de/wp-content/uploads/2023/02/logo-na.svg","contentUrl":"https://na-bremen.de/wp-content/uploads/2023/02/logo-na.svg","width":75,"height":75,"caption":"Nachbarschaftshaus Helene Kaisen"},"image":{"@id":"https://na-bremen.de/#/schema/logo/image/"}}]}</script>
<!-- / Yoast SEO plugin. -->

Ehrenamtsbesuche für Senior*innen - Im Alter nicht allein! Freiwillige besuchen regelmäßig ältere Menschen und leisten Gesellschaft.
