{"id":33,"date":"2023-02-13T08:29:06","date_gmt":"2023-02-13T07:29:06","guid":{"rendered":"https:\/\/na-bremen.de\/?page_id=33"},"modified":"2026-02-25T13:54:09","modified_gmt":"2026-02-25T12:54:09","slug":"na-kita","status":"publish","type":"page","link":"https:\/\/na-bremen.de\/en\/na-kita\/","title":{"rendered":"na\u2018kita"},"content":{"rendered":"","protected":false},"excerpt":{"rendered":"","protected":false},"author":1,"featured_media":0,"parent":0,"menu_order":0,"comment_status":"closed","ping_status":"closed","template":"","meta":{"_EventAllDay":false,"_EventTimezone":"","_EventStartDate":"","_EventEndDate":"","_EventStartDateUTC":"","_EventEndDateUTC":"","_EventShowMap":false,"_EventShowMapLink":false,"_EventURL":"","_EventCost":"","_EventCostDescription":"","_EventCurrencySymbol":"","_EventCurrencyCode":"","_EventCurrencyPosition":"","_EventDateTimeSeparator":"","_EventTimeRangeSeparator":"","_EventOrganizerID":[],"_EventVenueID":[],"_OrganizerEmail":"","_OrganizerPhone":"","_OrganizerWebsite":"","_VenueAddress":"","_VenueCity":"","_VenueCountry":"","_VenueProvince":"","_VenueState":"","_VenueZip":"","_VenuePhone":"","_VenueURL":"","_VenueStateProvince":"","_VenueLat":"","_VenueLng":"","_VenueShowMap":false,"_VenueShowMapLink":false,"footnotes":""},"class_list":["post-33","page","type-page","status-publish","hentry"],"translation":{"provider":"WPGlobus","version":"3.0.2","language":"en","enabled_languages":["de","en"],"languages":{"de":{"title":true,"content":false,"excerpt":false},"en":{"title":false,"content":false,"excerpt":false}}},"yoast_head":"<!-- This site is optimized with the Yoast SEO plugin v27.2 - https:\/\/yoast.com\/product\/yoast-seo-wordpress\/ -->\n<title>na\u2018kita - na&#039;<\/title>\n<meta name=\"robots\" content=\"index, follow, max-snippet:-1, max-image-preview:large, max-video-preview:-1\" \/>\n<link rel=\"canonical\" href=\"https:\/\/na-bremen.de\/na-kita\/\" \/>\n<meta property=\"og:locale\" content=\"en_US\" \/>\n<meta property=\"og:type\" content=\"article\" \/>\n<meta property=\"og:title\" content=\"na\u2018kita - na&#039;\" \/>\n<meta property=\"og:url\" content=\"https:\/\/na-bremen.de\/na-kita\/\" \/>\n<meta property=\"og:site_name\" content=\"na&#039;\" \/>\n<meta property=\"article:modified_time\" content=\"2026-02-25T12:54:09+00:00\" \/>\n<meta name=\"twitter:card\" content=\"summary_large_image\" \/>\n<script type=\"application\/ld+json\" class=\"yoast-schema-graph\">{\"@context\":\"https:\/\/schema.org\",\"@graph\":[{\"@type\":\"WebPage\",\"@id\":\"https:\/\/na-bremen.de\/na-kita\/\",\"url\":\"https:\/\/na-bremen.de\/na-kita\/\",\"name\":\"na\u2018kita - na&#039;\",\"isPartOf\":{\"@id\":\"https:\/\/na-bremen.de\/#website\"},\"datePublished\":\"2023-02-13T07:29:06+00:00\",\"dateModified\":\"2026-02-25T12:54:09+00:00\",\"description\":\"Na'Kita \u2013 Ihre vertrauensvolle Kita in Bremen. Erfahren Sie mehr \u00fcber unser Betreuungsangebot, unsere p\u00e4dagogischen Konzepte und wie wir die Kinder in ihrer Entwicklung f\u00f6rdern.\",\"breadcrumb\":{\"@id\":\"https:\/\/na-bremen.de\/na-kita\/#breadcrumb\"},\"inLanguage\":\"en-US\",\"potentialAction\":[{\"@type\":\"ReadAction\",\"target\":[\"https:\/\/na-bremen.de\/na-kita\/\"]}]},{\"@type\":\"BreadcrumbList\",\"@id\":\"https:\/\/na-bremen.de\/na-kita\/#breadcrumb\",\"itemListElement\":[{\"@type\":\"ListItem\",\"position\":1,\"name\":\"Startseite\",\"item\":\"https:\/\/na-bremen.de\/\"},{\"@type\":\"ListItem\",\"position\":2,\"name\":\"na\u2018kita\"}]},{\"@type\":\"WebSite\",\"@id\":\"https:\/\/na-bremen.de\/#website\",\"url\":\"https:\/\/na-bremen.de\/\",\"name\":\"na&#039;\",\"description\":\"neighborhood house Helen Kaisen\",\"publisher\":{\"@id\":\"https:\/\/na-bremen.de\/#organization\"},\"potentialAction\":[{\"@type\":\"SearchAction\",\"target\":{\"@type\":\"EntryPoint\",\"urlTemplate\":\"https:\/\/na-bremen.de\/?s={search_term_string}\"},\"query-input\":{\"@type\":\"PropertyValueSpecification\",\"valueRequired\":true,\"valueName\":\"search_term_string\"}}],\"inLanguage\":\"en-US\"},{\"@type\":\"Organization\",\"@id\":\"https:\/\/na-bremen.de\/#organization\",\"name\":\"Nachbarschaftshaus Helene Kaisen\",\"alternateName\":\"na'\",\"url\":\"https:\/\/na-bremen.de\/\",\"logo\":{\"@type\":\"ImageObject\",\"inLanguage\":\"en-US\",\"@id\":\"https:\/\/na-bremen.de\/#\/schema\/logo\/image\/\",\"url\":\"https:\/\/na-bremen.de\/wp-content\/uploads\/2023\/02\/logo-na.svg\",\"contentUrl\":\"https:\/\/na-bremen.de\/wp-content\/uploads\/2023\/02\/logo-na.svg\",\"width\":75,\"height\":75,\"caption\":\"Nachbarschaftshaus Helene Kaisen\"},\"image\":{\"@id\":\"https:\/\/na-bremen.de\/#\/schema\/logo\/image\/\"}}]}<\/script>\n<!-- \/ Yoast SEO plugin. -->","yoast_head_json":{"title":"na\u2018kita - na&#039;","robots":{"index":"index","follow":"follow","max-snippet":"max-snippet:-1","max-image-preview":"max-image-preview:large","max-video-preview":"max-video-preview:-1"},"canonical":"https:\/\/na-bremen.de\/na-kita\/","og_locale":"en_US","og_type":"article","og_title":"na\u2018kita - na&#039;","og_url":"https:\/\/na-bremen.de\/na-kita\/","og_site_name":"na&#039;","article_modified_time":"2026-02-25T12:54:09+00:00","twitter_card":"summary_large_image","schema":{"@context":"https:\/\/schema.org","@graph":[{"@type":"WebPage","@id":"https:\/\/na-bremen.de\/na-kita\/","url":"https:\/\/na-bremen.de\/na-kita\/","name":"na\u2018kita - na&#039;","isPartOf":{"@id":"https:\/\/na-bremen.de\/#website"},"datePublished":"2023-02-13T07:29:06+00:00","dateModified":"2026-02-25T12:54:09+00:00","description":"Na'Kita \u2013 Ihre vertrauensvolle Kita in Bremen. Erfahren Sie mehr \u00fcber unser Betreuungsangebot, unsere p\u00e4dagogischen Konzepte und wie wir die Kinder in ihrer Entwicklung f\u00f6rdern.","breadcrumb":{"@id":"https:\/\/na-bremen.de\/na-kita\/#breadcrumb"},"inLanguage":"en-US","potentialAction":[{"@type":"ReadAction","target":["https:\/\/na-bremen.de\/na-kita\/"]}]},{"@type":"BreadcrumbList","@id":"https:\/\/na-bremen.de\/na-kita\/#breadcrumb","itemListElement":[{"@type":"ListItem","position":1,"name":"Startseite","item":"https:\/\/na-bremen.de\/"},{"@type":"ListItem","position":2,"name":"na\u2018kita"}]},{"@type":"WebSite","@id":"https:\/\/na-bremen.de\/#website","url":"https:\/\/na-bremen.de\/","name":"na&#039;","description":"neighborhood house Helen Kaisen","publisher":{"@id":"https:\/\/na-bremen.de\/#organization"},"potentialAction":[{"@type":"SearchAction","target":{"@type":"EntryPoint","urlTemplate":"https:\/\/na-bremen.de\/?s={search_term_string}"},"query-input":{"@type":"PropertyValueSpecification","valueRequired":true,"valueName":"search_term_string"}}],"inLanguage":"en-US"},{"@type":"Organization","@id":"https:\/\/na-bremen.de\/#organization","name":"Nachbarschaftshaus Helene Kaisen","alternateName":"na'","url":"https:\/\/na-bremen.de\/","logo":{"@type":"ImageObject","inLanguage":"en-US","@id":"https:\/\/na-bremen.de\/#\/schema\/logo\/image\/","url":"https:\/\/na-bremen.de\/wp-content\/uploads\/2023\/02\/logo-na.svg","contentUrl":"https:\/\/na-bremen.de\/wp-content\/uploads\/2023\/02\/logo-na.svg","width":75,"height":75,"caption":"Nachbarschaftshaus Helene Kaisen"},"image":{"@id":"https:\/\/na-bremen.de\/#\/schema\/logo\/image\/"}}]}},"_links":{"self":[{"href":"https:\/\/na-bremen.de\/en\/wp-json\/wp\/v2\/pages\/33","targetHints":{"allow":["GET"]}}],"collection":[{"href":"https:\/\/na-bremen.de\/en\/wp-json\/wp\/v2\/pages"}],"about":[{"href":"https:\/\/na-bremen.de\/en\/wp-json\/wp\/v2\/types\/page"}],"author":[{"embeddable":true,"href":"https:\/\/na-bremen.de\/en\/wp-json\/wp\/v2\/users\/1"}],"replies":[{"embeddable":true,"href":"https:\/\/na-bremen.de\/en\/wp-json\/wp\/v2\/comments?post=33"}],"version-history":[{"count":2,"href":"https:\/\/na-bremen.de\/en\/wp-json\/wp\/v2\/pages\/33\/revisions"}],"predecessor-version":[{"id":4226,"href":"https:\/\/na-bremen.de\/en\/wp-json\/wp\/v2\/pages\/33\/revisions\/4226"}],"wp:attachment":[{"href":"https:\/\/na-bremen.de\/en\/wp-json\/wp\/v2\/media?parent=33"}],"curies":[{"name":"wp","href":"https:\/\/api.w.org\/{rel}","templated":true}]}}

<!-- This site is optimized with the Yoast SEO plugin v27.2 - https://yoast.com/product/yoast-seo-wordpress/ -->
<title>na‘kita - na&#039;</title>
<meta name="robots" content="index, follow, max-snippet:-1, max-image-preview:large, max-video-preview:-1" />
<link rel="canonical" href="https://na-bremen.de/na-kita/" />
<meta property="og:locale" content="en_US" />
<meta property="og:type" content="article" />
<meta property="og:title" content="na‘kita - na&#039;" />
<meta property="og:url" content="https://na-bremen.de/na-kita/" />
<meta property="og:site_name" content="na&#039;" />
<meta property="article:modified_time" content="2026-02-25T12:54:09+00:00" />
<meta name="twitter:card" content="summary_large_image" />
<script type="application/ld+json" class="yoast-schema-graph">{"@context":"https://schema.org","@graph":[{"@type":"WebPage","@id":"https://na-bremen.de/na-kita/","url":"https://na-bremen.de/na-kita/","name":"na‘kita - na&#039;","isPartOf":{"@id":"https://na-bremen.de/#website"},"datePublished":"2023-02-13T07:29:06+00:00","dateModified":"2026-02-25T12:54:09+00:00","description":"Na'Kita – Ihre vertrauensvolle Kita in Bremen. Erfahren Sie mehr über unser Betreuungsangebot, unsere pädagogischen Konzepte und wie wir die Kinder in ihrer Entwicklung fördern.","breadcrumb":{"@id":"https://na-bremen.de/na-kita/#breadcrumb"},"inLanguage":"en-US","potentialAction":[{"@type":"ReadAction","target":["https://na-bremen.de/na-kita/"]}]},{"@type":"BreadcrumbList","@id":"https://na-bremen.de/na-kita/#breadcrumb","itemListElement":[{"@type":"ListItem","position":1,"name":"Startseite","item":"https://na-bremen.de/"},{"@type":"ListItem","position":2,"name":"na‘kita"}]},{"@type":"WebSite","@id":"https://na-bremen.de/#website","url":"https://na-bremen.de/","name":"na&#039;","description":"neighborhood house Helen Kaisen","publisher":{"@id":"https://na-bremen.de/#organization"},"potentialAction":[{"@type":"SearchAction","target":{"@type":"EntryPoint","urlTemplate":"https://na-bremen.de/?s={search_term_string}"},"query-input":{"@type":"PropertyValueSpecification","valueRequired":true,"valueName":"search_term_string"}}],"inLanguage":"en-US"},{"@type":"Organization","@id":"https://na-bremen.de/#organization","name":"Nachbarschaftshaus Helene Kaisen","alternateName":"na'","url":"https://na-bremen.de/","logo":{"@type":"ImageObject","inLanguage":"en-US","@id":"https://na-bremen.de/#/schema/logo/image/","url":"https://na-bremen.de/wp-content/uploads/2023/02/logo-na.svg","contentUrl":"https://na-bremen.de/wp-content/uploads/2023/02/logo-na.svg","width":75,"height":75,"caption":"Nachbarschaftshaus Helene Kaisen"},"image":{"@id":"https://na-bremen.de/#/schema/logo/image/"}}]}</script>
<!-- / Yoast SEO plugin. -->

Na'Kita – Ihre vertrauensvolle Kita in Bremen. Erfahren Sie mehr über unser Betreuungsangebot, unsere pädagogischen Konzepte und wie wir die Kinder in ihrer Entwicklung fördern.
